{"id":21998,"date":"2024-12-19T14:52:44","date_gmt":"2024-12-19T14:52:44","guid":{"rendered":"https:\/\/rever-lab.eu\/?post_type=product&#038;p=21998"},"modified":"2025-01-14T13:27:46","modified_gmt":"2025-01-14T13:27:46","slug":"28-6-glace-des-oceans","status":"publish","type":"product","link":"https:\/\/rever-lab.eu\/pt-pt\/prodotto\/28-6-glace-des-oceans\/","title":{"rendered":"28.6 GLACE DES OC\u00c9ANS"},"content":{"rendered":"<div class=\"page\" title=\"Page 1\">\n<div class=\"section\">\n<div class=\"layoutArea\">\n<div class=\"column\">\n<p>Gel refrescante de r\u00e1pida absor\u00e7\u00e3o, desenvolvido para aliviar a sensa\u00e7\u00e3o de pernas pesadas. A combina\u00e7\u00e3o de Mentol e Lactato de Mentila oferece frescor imediato, estimulando a microcircula\u00e7\u00e3o. Os extratos de algas e \u00e1gua do mar favorecem a drenagem do excesso de l\u00edquidos, enquanto a Alanto\u00edna acalma e hidrata a pele, deixando-a macia e confort\u00e1vel.<\/p>\n<\/div>\n<\/div>\n<\/div>\n<\/div>\n","protected":false},"excerpt":{"rendered":"<p><strong>Gel efeito frio desfatigante<\/strong><br \/>\nC\u00f3digo do produto: RV2806TG (200 ml)<\/p>\n<p>Gel efeito frio, de textura leve e r\u00e1pida absor\u00e7\u00e3o, formulado especialmente para aliviar a sensa\u00e7\u00e3o de pernas pesadas. A combina\u00e7\u00e3o de Mentol e Lactato de Mentila proporciona uma sensa\u00e7\u00e3o imediata de frescor e al\u00edvio, reativando a microcircula\u00e7\u00e3o. Os extratos de algas e \u00e1gua do mar atuam em sinergia para drenar o excesso de l\u00edquidos. A a\u00e7\u00e3o calmante da Alanto\u00edna oferece conforto e garante uma pele macia e hidratada.<\/p>\n","protected":false},"featured_media":21976,"comment_status":"open","ping_status":"closed","template":"","meta":{"_glsr_average":0,"_glsr_ranking":0,"_glsr_reviews":0},"product_brand":[],"product_cat":[420,138,274],"product_tag":[452,477,478,449,486,485,484,448],"class_list":{"0":"post-21998","1":"product","2":"type-product","3":"status-publish","4":"has-post-thumbnail","6":"product_cat-28-mariannes-pt-pt","7":"product_cat-corps-pt-pt","8":"product_cat-corps-pt-pt-2","9":"product_tag-corpo-pt-pt","10":"product_tag-creme","11":"product_tag-creme-corporal","12":"product_tag-estimulacao-da-microcirculacao","13":"product_tag-gel-pt-pt","14":"product_tag-pernas-cansadas","15":"product_tag-pernas-leves","16":"product_tag-revitalizante","18":"first","19":"instock","20":"shipping-taxable","21":"product-type-simple"},"_links":{"self":[{"href":"https:\/\/rever-lab.eu\/pt-pt\/wp-json\/wp\/v2\/product\/21998","targetHints":{"allow":["GET"]}}],"collection":[{"href":"https:\/\/rever-lab.eu\/pt-pt\/wp-json\/wp\/v2\/product"}],"about":[{"href":"https:\/\/rever-lab.eu\/pt-pt\/wp-json\/wp\/v2\/types\/product"}],"replies":[{"embeddable":true,"href":"https:\/\/rever-lab.eu\/pt-pt\/wp-json\/wp\/v2\/comments?post=21998"}],"wp:featuredmedia":[{"embeddable":true,"href":"https:\/\/rever-lab.eu\/pt-pt\/wp-json\/wp\/v2\/media\/21976"}],"wp:attachment":[{"href":"https:\/\/rever-lab.eu\/pt-pt\/wp-json\/wp\/v2\/media?parent=21998"}],"wp:term":[{"taxonomy":"product_brand","embeddable":true,"href":"https:\/\/rever-lab.eu\/pt-pt\/wp-json\/wp\/v2\/product_brand?post=21998"},{"taxonomy":"product_cat","embeddable":true,"href":"https:\/\/rever-lab.eu\/pt-pt\/wp-json\/wp\/v2\/product_cat?post=21998"},{"taxonomy":"product_tag","embeddable":true,"href":"https:\/\/rever-lab.eu\/pt-pt\/wp-json\/wp\/v2\/product_tag?post=21998"}],"curies":[{"name":"wp","href":"https:\/\/api.w.org\/{rel}","templated":true}]}}

28.6 GLACE DES OCÉANS

<div class="page" title="Page 1">
<div class="section">
<div class="layoutArea">
<div class="column">
<p>Gel refrescante de rápida absorção, desenvolvido para aliviar a sensação de pernas pesadas. A combinação de Mentol e Lactato de Mentila oferece frescor imediato, estimulando a microcirculação. Os extratos de algas e água do mar favorecem a drenagem do excesso de líquidos, enquanto a Alantoína acalma e hidrata a pele, deixando-a macia e confortável.</p>
</div>
</div>
</div>
</div>

<p><strong>Gel efeito frio desfatigante</strong><br />
Código do produto: RV2806TG (200 ml)</p>
<p>Gel efeito frio, de textura leve e rápida absorção, formulado especialmente para aliviar a sensação de pernas pesadas. A combinação de Mentol e Lactato de Mentila proporciona uma sensação imediata de frescor e alívio, reativando a microcirculação. Os extratos de algas e água do mar atuam em sinergia para drenar o excesso de líquidos. A ação calmante da Alantoína oferece conforto e garante uma pele macia e hidratada.</p>
